936 = -2*d. Suppose -237*g + z*g = -18. Let c = 81 + -46. Calculate the remainder when c is divided by g.
8
Let j = -407 - -396. Calculate the remainder when 317 is divided by (-380)/(-6) + j/(33/(-2)).
61
Let p = 54 - -23. Let m = p + -72. Suppose -3*h + 183 = -3*t, -m*h - 2*t - 3*t + 345 = 0. What is the remainder when h is divided by 33?
32
Let x = -101 + 96. Calculate the remainder when 0 + (4/x)/((-12)/210) is divided by 4.
2
Calculate the remainder when 577 is divided by ((-12)/8)/((-12)/968) + 0.
93
Let i(s) = 5*s + 36. Let w be i(6). Suppose 25 = 13*p - w. Suppose -t + p = 2. What is the remainder when t is divided by 4?
1
Let h(q) = 12*q - 107. Let m be h(8). Calculate the remainder when 47 is divided by ((-2)/4)/(m/88) + 10.
5
Suppose -176*f + 179*f - 20724 = 5*i, 5*f - 34483 = 2*i. What is the remainder when f is divided by 209?
205
Let c be ((-13)/4)/(1/4). Let t(d) = -d**2 + 17*d + 664. Let v be t(35). Let f = v + c. Calculate the remainder when f is divided by 12.
9
Suppose -782*n - 1104*n + 3290 = -241*n. Let l(f) = -13*f + 1. What is the remainder when l(-1) is divided by n?
0
Suppose -464 = -15*a + 166. Let p(l) = -l + 118. What is the remainder when p(41) is divided by a?
35
Suppose 9*c = -25 + 75 + 31. What is the remainder when 458 is divided by c?
8
Let b(h) = -511*h + 0*h**3 + 574*h + 10 + 18*h**2 + h**3. What is the remainder when b(-13) is divided by 21?
15
Let n(k) = 2*k**2 + 62*k - 6. Let l be n(-24). Calculate the remainder when l/6*(-6 + 2)/2 is divided by 24.
18
Suppose 4*j - 27 = z + 26, z - 43 = -4*j. Let f(n) = -n**3 + 15*n**2 - 14*n + 21. Let y = 8 - -6. Calculate the remainder when f(y) is divided by j.
9
Suppose 116*m = -4*s + 120*m + 800, -4*s = 4*m - 856. Calculate the remainder when s is divided by 162.
45
Let k(s) be the first derivative of -15*s**2 - 56*s + 208. Let a(v) = 2*v**2 + 9*v + 6. What is the remainder when k(-10) is divided by a(-7)?
39
Let a be (41/4)/((-1)/(-4)). Let d = -32 + a. Suppose 38*s - 37*s - 9 = 0. Calculate the remainder when d is divided by s.
0
Suppose 160 + 185 = 3*h. Let p = 33 + h. Calculate the remainder when p is divided by 30.
28
Let x(a) = a**3 - 5*a**2 + 4*a - 3. Let n be x(4). Let f(z) = -z**3 - 4*z**2 - 1. Let q be f(n). Calculate the remainder when 38 is divided by (q/4)/(6/48*-2).
8
What is the remainder when 328 is divided by ((-46)/(-23) + 36)*(0 - 2*-1)?
24
Let g = -4 + 19. Let z(y) = 13*y - 367. What is the remainder when z(42) is divided by g?
14
Let f = 249 - 245. What is the remainder when (-47 - f)/((-6)/12) is divided by 21?
18
Suppose 0 = 4*p + 12, -v + 1 - 4 = 3*p. Suppose -10 = -4*a + v. Calculate the remainder when 28 is divided by a.
0
What is the remainder when -7*((-836)/77 + 11)*-4278 is divided by 70?
8
Suppose 0 = -2492*b + 2476*b + 352. What is the remainder when 1068 is divided by b?
12
Let y(p) = -47*p + 759. What is the remainder when 1913 is divided by y(14)?
95
What is the remainder when (8/(-20) - 0)/(9/(-16695)) is divided by 12?
10
Suppose 95*p - 5*x = 98*p - 539, 5*x = -4*p + 717. Calculate the remainder when 6227 is divided by p.
175
Let u = 0 + -156. What is the remainder when (-10491)/u + 2/(-8) is divided by 15?
7
Let b = 9603 + -7611. What is the remainder when b is divided by 95?
92
Let v(z) = 8*z + 720. Calculate the remainder when v(-68) is divided by 128.
48
Let t be ((-2)/8)/(5/(-80)). Suppose -z + 4*r - 2 = -5, t*z - 12 = -2*r. Suppose -54 = -9*u + z*u. What is the remainder when 15 is divided by u?
6
Calculate the remainder when 9 + (-26)/65*5775/(-3) is divided by 26.
25
Suppose 3*i - 21 - 12 = 0. Let f(p) = -p**2 + 19*p - 36. What is the remainder when 204 is divided by f(i)?
48
Suppose -143*y = -135*y - 96. Suppose 5*k - 2 = 4*s - 36, -4*s - 2 = k. Let f = 10 + k. Calculate the remainder when y is divided by f.
0
Suppose -d - 75 = -4*a + 35, -a + 3*d + 11 = 0. What is the remainder when 596 is divided by a?
16
Suppose 140*y + 4 = 142*y. Suppose -y*v - 2*z = -46, 4*v - 3*z + 27 = 154. What is the remainder when 97 is divided by v?
13
Let n be ((-1)/(-2)*-2)/(18/11826). Let q be (-12)/(-16) - (-2)/(24/n). Calculate the remainder when 92 is divided by (q/(-1))/3 - 2.
12
Suppose 14 = 4*v - s, -3*v - 11 = -8*v - 2*s. Let q(j) = -2*j**3 + 10*j - 11*j - j - v*j**2 + 7*j - 3. What is the remainder when q(-4) is divided by 31?
26
Let q = -22438 - -22661. Calculate the remainder when q is divided by 119.
104
Suppose -12*v + v + 68 = -515. What is the remainder when 395 is divided by v?
24
Let z be (-2)/(14/(-91) - 4/(-195)). Suppose 12*n - z = 7*n. What is the remainder when 9 + -1 + (0/2)/(-5) is divided by n?
2
Let y(l) = l**3 + 5*l**2 - 11*l - 11. Let b be (6 + -6 + -1)*(1 + 4). Let n = -10 - -25. Calculate the remainder when y(b) is divided by n.
14
Suppose 66*r = -r + 1809. Suppose -5*p - 2 + 117 = 0. Let z = -21 + p. What is the remainder when r is divided by z?
1
Let u(f) = -195*f - 7579. Let w = 14 - -79. Calculate the remainder when w is divided by u(-39).
15
Let i = 6 - -3. Suppose -88 + 25 = -i*h. Suppose 11*f - 228 = h*f. What is the remainder when f is divided by 30?
27
Calculate the remainder when (246/(-8))/(-3*8/192) is divided by 132.
114
Suppose -62*u + 88*u - 22048 = 0. What is the remainder when u is divided by 208?
16
Suppose -j - d = -25, -268*d = -4*j - 271*d + 100. What is the remainder when 36 is divided by j?
11
Suppose -3*j + 7*j = 0. Suppose j = -2*z - y + 72, -z + 6*y + 43 = 3*y. Calculate the remainder when z is divided by 8.
5
Let h = 7 + -2. Suppose -4*x + 4*m = -m - 607, -m + 460 = 3*x. What is the remainder when x is divided by h?
3
Suppose -5*p = 25, -23*a + 26*a - p - 179 = 0. Let o = a - 39. Calculate the remainder when 75 is divided by o.
18
Let s(i) = i**3 - 81*i**2 - 84*i + 170. Suppose 4*d - 19 = -3. What is the remainder when s(82) is divided by d?
2
Let w be 2/(-5) + 11*12/330. Suppose -2*b = -2*s - w*b + 152, 5*s - b = 400. What is the remainder when s is divided by 6?
3
Let j = 13 + -7. Let o(q) = -3*q**2 - 7*q - 8. Let x be o(-2). What is the remainder when ((-50)/x)/1 - (-104)/156 is divided by j?
3
Let q = -3274 + 3622. Calculate the remainder when q is divided by 119.
110
Let j(h) = 21*h**2 + 203*h + 15. What is the remainder when j(-11) is divided by 27?
26
Suppose 3*n = -15, 2*j - 305 = -3*n - 0*n. Let m = -120 + j. Calculate the remainder when 116 is divided by m.
36
Let y = -42 - -70. Let z = y - -5. Let h = 303 + -243. What is the remainder when h is divided by z?
27
Let k = -250 + 1467. What is the remainder when k is divided by (725/40*2)/((-130)/(-312))?
86
Calculate the remainder when 868 is divided by -51*(-236)/28 - ((-5)/(-7))/(-5).
8
Suppose p - 4 = 0, 5*p - 15 = -2*w + 39. Suppose 2*u = -2*l - u - 702, 358 = -l + 2*u. Let o = l - -521. Calculate the remainder when o is divided by w.
14
Let o = -7107 - -10068. Calculate the remainder when o is divided by 12.
9
Let s(x) = -x**3 + 11*x**2 + x - 2. Let i be s(11). Let y(c) = c**3 - 11*c**2 + 13*c - 11. Calculate the remainder when (9 - -45)/(i/12) is divided by y(10).
15
Suppose 25*a - 96 = 27*a. Suppose -r + 312 = 4*r + p, 3*p = -5*r + 316. Let m = a + r. Calculate the remainder when 25 is divided by m.
11
Suppose 2*b + 27*n - 807 = 26*n, 5*n = 2*b - 801. Suppose 15*y = 28*y - b. Suppose -43 = -3*h - 10. What is the remainder when y is divided by h?
9
Let o(u) = u**2 + 6*u - 2. Let w(r) = 126*r - 6800. Calculate the remainder when o(-7) is divided by w(54).
1
Suppose -5*s + 31 = -2*a - 48, 10 = -5*a. Let g(r) = 4*r + 105. What is the remainder when g(s) is divided by 7?
4
Suppose 0 = -3*o + o + 12. Suppose -o = -4*r + 70. Suppose -3*x + a = -226, 5430*a - 5431*a - 7 = 0. What is the remainder when x is divided by r?
16
Suppose -2*j - 3*v = -175, -2*j = -3*v - 108 - 61. Suppose 84 = -10*p - j. Let f(h) = -2*h + 40. What is the remainder when f(p) is divided by 28?
18
Suppose 0*x + 16 = x - 2. What is the remainder when 2105 is divided by x?
17
Suppose -11*m + 207 = 20. Suppose -49*n = -46*n - 177. What is the remainder when n is divided by m?
8
Let f = 271 - 152. Calculate the remainder when f is divided by ((-1)/((-3)/(-60)))/(1*-2).
9
Let h = -138 + 259. Suppose -4*g - g = 4*m - 206, -3*g - 5*m = -h. What is the remain